{"id":26,"date":"2023-09-12T16:05:43","date_gmt":"2023-09-12T16:05:43","guid":{"rendered":"https:\/\/www.sertelcon.com\/?page_id=26"},"modified":"2023-09-13T13:46:39","modified_gmt":"2023-09-13T13:46:39","slug":"internet-sano","status":"publish","type":"page","link":"https:\/\/www.sertelcon.com\/?page_id=26","title":{"rendered":"Internet Sano"},"content":{"rendered":"\t\t<div data-elementor-type=\"wp-page\" data-elementor-id=\"26\" class=\"elementor elementor-26\" data-elementor-post-type=\"page\">\n\t\t\t\t\t\t<section class=\"elementor-section elementor-top-section elementor-element elementor-element-e538abe elementor-section-boxed elementor-section-height-default elementor-section-height-default\" data-id=\"e538abe\" data-element_type=\"section\" data-e-type=\"section\" data-settings=\"{&quot;background_background&quot;:&quot;classic&quot;}\">\n\t\t\t\t\t\t<div class=\"elementor-container elementor-column-gap-default\">\n\t\t\t\t\t<div class=\"elementor-column elementor-col-100 elementor-top-column elementor-element elementor-element-e5d4d9f\" data-id=\"e5d4d9f\" data-element_type=\"column\" data-e-type=\"column\">\n\t\t\t<div class=\"elementor-widget-wrap elementor-element-populated\">\n\t\t\t\t\t\t<div class=\"elementor-element elementor-element-764668e elementor-widget elementor-widget-spacer\" data-id=\"764668e\" data-element_type=\"widget\" data-e-type=\"widget\" data-widget_type=\"spacer.default\">\n\t\t\t\t<div class=\"elementor-widget-container\">\n\t\t\t\t\t\t\t<div class=\"elementor-spacer\">\n\t\t\t<div class=\"elementor-spacer-inner\"><\/div>\n\t\t<\/div>\n\t\t\t\t\t\t<\/div>\n\t\t\t\t<\/div>\n\t\t\t\t<div class=\"elementor-element elementor-element-f4a5fac elementor-widget elementor-widget-heading\" data-id=\"f4a5fac\" data-element_type=\"widget\" data-e-type=\"widget\" data-widget_type=\"heading.default\">\n\t\t\t\t<div class=\"elementor-widget-container\">\n\t\t\t\t\t<h2 class=\"elementor-heading-title elementor-size-default\">INTERNET SANO<\/h2>\t\t\t\t<\/div>\n\t\t\t\t<\/div>\n\t\t\t\t\t<\/div>\n\t\t<\/div>\n\t\t\t\t\t<\/div>\n\t\t<\/section>\n\t\t\t\t<section class=\"elementor-section elementor-top-section elementor-element elementor-element-3fc62f7 elementor-section-boxed elementor-section-height-default elementor-section-height-default\" data-id=\"3fc62f7\" data-element_type=\"section\" data-e-type=\"section\">\n\t\t\t\t\t\t<div class=\"elementor-container elementor-column-gap-default\">\n\t\t\t\t\t<div class=\"elementor-column elementor-col-100 elementor-top-column elementor-element elementor-element-76a3897\" data-id=\"76a3897\" data-element_type=\"column\" data-e-type=\"column\">\n\t\t\t<div class=\"elementor-widget-wrap elementor-element-populated\">\n\t\t\t\t\t\t<div class=\"elementor-element elementor-element-2989e2b elementor-widget elementor-widget-text-editor\" data-id=\"2989e2b\" data-element_type=\"widget\" data-e-type=\"widget\" data-widget_type=\"text-editor.default\">\n\t\t\t\t<div class=\"elementor-widget-container\">\n\t\t\t\t\t\t\t\t\t<p>SERTELCON SAS como parte de su compromiso social y en cumplimiento de las normas vigentes, informa a sus usuarios sobre la existencia y los alcances de la Ley 679 de 2001, y sus decretos reglamentarios, los cuales pueden ser consultados y sobre los sitios en que nuestros usuarios pueden denunciar ante las autoridades competentes sitios en la red con presencia de contenidos de pornograf\u00eda infantil.<\/p><p>Internet Sano es la campa\u00f1a del Ministerio de Tecnolog\u00edas de la Informaci\u00f3n y las Comunicaciones por medio de la cual se pretende generar opini\u00f3n y conocimiento en torno al tema de la explotaci\u00f3n infantil en Internet, destacando mensajes de prevenci\u00f3n, de denuncia, informativos e institucionales. Esta campa\u00f1a del Ministerio<br \/>de Comunicaciones busca que todos los colombianos comprendan y asimilen lo que significa la prevenci\u00f3n de la pornograf\u00eda infantil y juvenil en Internet. Dentro de los desarrollos de esta campa\u00f1a y en cumplimiento de la\u00a0<strong>Ley 679 de 2001<\/strong>\u00a0y del\u00a0<strong>Decreto 1524 de 2004<\/strong>,<\/p><p>SERTELCON SAS<\/p><p>adopt\u00f3 el C\u00f3digo de Conducta para el manejo y aprovechamiento de redes globales de informaci\u00f3n y la protecci\u00f3n de los menores de edad contra la pornograf\u00eda infantil con el objetivo de prevenir la divulgaci\u00f3n de material de pornograf\u00eda infantil a trav\u00e9s de las redes y equipos de c\u00f3mputo bajo su directa administraci\u00f3n, con el fin de prevenir el acceso de menores de edad a cualquier tipo de material pornogr\u00e1fico, como herramienta para la lucha contra la pornograf\u00eda infantil.<\/p><p>En los siguientes lugares de Internet se pueden realizar las denuncias relacionadas con sitios y contenidos de pornograf\u00eda de menores de edad y p\u00e1ginas electr\u00f3nicas en las que se ofrezcan servicios sexuales con ni\u00f1os:<\/p><p><strong>MINISTERIO DE TECNOLOG\u00cdAS DE LA INFORMACI\u00d3N Y LAS COMUNICACIONES<\/strong><\/p><p>L\u00ednea Anticorrupci\u00f3n:\u00a0<a href=\"tel:018000912667\">01-800-0912667<\/a><br \/><a href=\"https:\/\/www.mintic.gov.co\/portal\/inicio\/\">https:\/\/www.mintic.gov.co\/portal\/inicio\/<\/a><\/p><p><strong>FISCAL\u00cdA GENERAL DE LA NACI\u00d3N<\/strong><br \/>L\u00ednea nacional gratuita (01 8000 9197 48)<br \/><a href=\"https:\/\/www.fiscalia.gov.co\/colombia\/\">https:\/\/www.fiscalia.gov.co\/colombia\/<\/a><\/p><p><a href=\"https:\/\/adenunciar.policia.gov.co\/adenunciar\/Login.aspx?ReturnUrl=%2fadenunciar%252\">https:\/\/adenunciar.policia.gov.co\/adenunciar\/Login.aspx?ReturnUrl=%2fadenunciar%2<\/a><\/p><p><strong>DIRECCI\u00d3N CENTRAL DE POLIC\u00cdA JUDICIAL \u2013 DIJIN<\/strong><\/p><p><a href=\"https:\/\/www.policia.gov.co\/especializados\/judicial\">https:\/\/www.policia.gov.co\/especializados\/judicial<\/a><br \/>Grupo Investigativo Delitos Inform\u00e1ticos<br \/>lunes a viernes de 08:00 a.m. \u2013 12:00 p.m. y 02:00 p.m. \u2013 05:00 p.m. Conmutador o PBX: (601) 5159000<\/p><p><strong>INSTITUTO COLOMBIANO DE BIENESTAR FAMILIAR<\/strong><br \/>Tel\u00e9fonos: 01 8000 918080 o PBX: +57 601 4377630<br \/>Disponible de lunes a viernes de 8:00 a.m. a 5:00 p.m.<br \/><a href=\"https:\/\/www.icbf.gov.co\">https:\/\/www.icbf.gov.co<\/a><\/p><p><strong>TE PROTEJO\/L\u00cdNEA DE REPORTE<\/strong><\/p><p><a href=\"https:\/\/teprotejocolombia.org\/\">https:\/\/teprotejocolombia.org\/<\/a><\/p><p><strong>E-mail:<\/strong> <a href=\"mailto:contactenos@teprotejo.org\">contactenos@teprotejo.org<\/a><\/p><p>Adem\u00e1s, en las siguientes direcciones encontrar\u00e1n mecanismos de filtrado o control parental que puedan ser instalados en sus equipos:<\/p><p><strong>INSTALACI\u00d3N DE SOFTWARE K-9<\/strong><\/p><p><strong>INSTALACI\u00d3N DE WINDOWS LIVE PROTECTION INFANTIL<\/strong><\/p><p><strong>Otras soluciones por las que puedes optar<\/strong><\/p><p><a href=\"http:\/\/www.opendns.com\/\">http:\/\/www.opendns.com\/<\/a><\/p><p><a href=\"http:\/\/dansguardian.org\/\">http:\/\/dansguardian.org\/<\/a><\/p><p><a href=\"https:\/\/onlinefamily.norton.com\">https:\/\/onlinefamily.norton.com<\/a><\/p><p><a href=\"http:\/\/www.qustodio.com\/\">http:\/\/www.qustodio.com\/<\/a><\/p><p><strong>NORMAS<\/strong><\/p><p>LEY 679 DE 2001 (agosto 3) Diario Oficial No. 44.509 del 4 de agosto de 2001por medio de la cual se expide un estatuto para prevenir y contrarrestar la explotaci\u00f3n, la pornograf\u00eda y el turismo sexual con menores, en desarrollo del art\u00edculo 44 de la Constituci\u00f3n.<br \/><a href=\"https:\/\/www.funcionpublica.gov.co\/eva\/gestornormativo\/norma.php?i=18309\">https:\/\/www.funcionpublica.gov.co\/eva\/gestornormativo\/norma.php?i=18309<\/a><\/p><p><strong>DECRETO N\u00daMERO 067 DE 2003 (enero 15)<\/strong><br \/>Diario Oficial 45. 066 17-01-2003 Ministerio de Tecnolog\u00edas de la Informaci\u00f3n y las Comunicaciones que el 24 de julio de 2002 se expidi\u00f3 el Decreto 1524 de 2002, el cual tiene por objeto reglamentar el art\u00edculo 5\u00b0 de la Ley 679 de 2001, con el fin de establecer las medidas t\u00e9cnicas y administrativas destinadas a prevenir el acceso de menores de edad a cualquier modalidad de informaci\u00f3n pornogr\u00e1fica contenida en Internet o en las distintas clases de redes inform\u00e1ticas a las cuales se tenga acceso mediante redes globales de informaci\u00f3n.<br \/><a href=\"https:\/\/www.icbf.gov.co\/cargues\/avance\/docs\/decreto_0067_2003.htm\">https:\/\/www.icbf.gov.co\/cargues\/avance\/docs\/decreto_0067_2003.htm<\/a><\/p><p><strong>DECRETO N\u00daMERO 1524 DE 2002<\/strong><br \/>Publicado el 31 de julio de 2002 MINISTERIO DE TECNOLOG\u00cdAS DE LA INFORMACI\u00d3N Y LAS COMUNICACIONES por el cual reglamenta el art\u00edculo 5\u00b0 de la Ley 679 de 2001, que de conformidad con lo dispuesto por el art\u00edculo 44 de la Constituci\u00f3n Pol\u00edtica, los ni\u00f1os ser\u00e1n protegidos contra toda forma de abandono, violencia f\u00edsica o moral, secuestro, venta, abuso sexual, explotaci\u00f3n laboral o econ\u00f3mica y trabajos riesgosos.<br \/><a href=\"https:\/\/www.enticconfio.gov.co\/decreto-1524-de-2002#:~:text=El%20presente%20decreto%20tiene%20por,distintas%20clases%20de%20redes%20inform%C3%A1ticas\">https:\/\/www.enticconfio.gov.co\/decreto-1524-de-2002#:~:text=El%20presente%20decreto%20tiene%20por,distintas%20clases%20de%20redes%20inform%C3%A1ticas<\/a><\/p>\t\t\t\t\t\t\t\t<\/div>\n\t\t\t\t<\/div>\n\t\t\t\t\t<\/div>\n\t\t<\/div>\n\t\t\t\t\t<\/div>\n\t\t<\/section>\n\t\t\t\t<\/div>\n\t\t","protected":false},"excerpt":{"rendered":"<p>INTERNET SANO SERTELCON SAS como parte de su compromiso social y en cumplimiento de las normas vigentes, informa a sus usuarios sobre la existencia y los alcances de la Ley 679 de 2001, y sus decretos reglamentarios, los cuales pueden ser consultados y sobre los sitios en que nuestros usuarios pueden denunciar ante las autoridades [&hellip;]<\/p>\n","protected":false},"author":7,"featured_media":0,"parent":24,"menu_order":0,"comment_status":"closed","ping_status":"closed","template":"","meta":{"site-sidebar-layout":"no-sidebar","site-content-layout":"","ast-site-content-layout":"full-width-container","site-content-style":"default","site-sidebar-style":"default","ast-global-header-display":"","ast-banner-title-visibility":"","ast-main-header-display":"","ast-hfb-above-header-display":"","ast-hfb-below-header-display":"","ast-hfb-mobile-header-display":"","site-post-title":"disabled","ast-breadcrumbs-content":"","ast-featured-img":"disabled","footer-sml-layout":"","ast-disable-related-posts":"","theme-transparent-header-meta":"","adv-header-id-meta":"","stick-header-meta":"","header-above-stick-meta":"","header-main-stick-meta":"","header-below-stick-meta":"","astra-migrate-meta-layouts":"default","ast-page-background-enabled":"default","ast-page-background-meta":{"desktop":{"background-color":"var(--ast-global-color-4)","background-image":"","background-repeat":"repeat","background-position":"center center","background-size":"auto","background-attachment":"scroll","background-type":"","background-media":"","overlay-type":"","overlay-color":"","overlay-opacity":"","overlay-gradient":""},"tablet":{"background-color":"","background-image":"","background-repeat":"repeat","background-position":"center center","background-size":"auto","background-attachment":"scroll","background-type":"","background-media":"","overlay-type":"","overlay-color":"","overlay-opacity":"","overlay-gradient":""},"mobile":{"background-color":"","background-image":"","background-repeat":"repeat","background-position":"center center","background-size":"auto","background-attachment":"scroll","background-type":"","background-media":"","overlay-type":"","overlay-color":"","overlay-opacity":"","overlay-gradient":""}},"ast-content-background-meta":{"desktop":{"background-color":"var(--ast-global-color-5)","background-image":"","background-repeat":"repeat","background-position":"center center","background-size":"auto","background-attachment":"scroll","background-type":"","background-media":"","overlay-type":"","overlay-color":"","overlay-opacity":"","overlay-gradient":""},"tablet":{"background-color":"var(--ast-global-color-5)","background-image":"","background-repeat":"repeat","background-position":"center center","background-size":"auto","background-attachment":"scroll","background-type":"","background-media":"","overlay-type":"","overlay-color":"","overlay-opacity":"","overlay-gradient":""},"mobile":{"background-color":"var(--ast-global-color-5)","background-image":"","background-repeat":"repeat","background-position":"center center","background-size":"auto","background-attachment":"scroll","background-type":"","background-media":"","overlay-type":"","overlay-color":"","overlay-opacity":"","overlay-gradient":""}},"_joinchat":[],"footnotes":""},"class_list":["post-26","page","type-page","status-publish","hentry"],"_links":{"self":[{"href":"https:\/\/www.sertelcon.com\/index.php?rest_route=\/wp\/v2\/pages\/26","targetHints":{"allow":["GET"]}}],"collection":[{"href":"https:\/\/www.sertelcon.com\/index.php?rest_route=\/wp\/v2\/pages"}],"about":[{"href":"https:\/\/www.sertelcon.com\/index.php?rest_route=\/wp\/v2\/types\/page"}],"author":[{"embeddable":true,"href":"https:\/\/www.sertelcon.com\/index.php?rest_route=\/wp\/v2\/users\/7"}],"replies":[{"embeddable":true,"href":"https:\/\/www.sertelcon.com\/index.php?rest_route=%2Fwp%2Fv2%2Fcomments&post=26"}],"version-history":[{"count":34,"href":"https:\/\/www.sertelcon.com\/index.php?rest_route=\/wp\/v2\/pages\/26\/revisions"}],"predecessor-version":[{"id":304,"href":"https:\/\/www.sertelcon.com\/index.php?rest_route=\/wp\/v2\/pages\/26\/revisions\/304"}],"up":[{"embeddable":true,"href":"https:\/\/www.sertelcon.com\/index.php?rest_route=\/wp\/v2\/pages\/24"}],"wp:attachment":[{"href":"https:\/\/www.sertelcon.com\/index.php?rest_route=%2Fwp%2Fv2%2Fmedia&parent=26"}],"curies":[{"name":"wp","href":"https:\/\/api.w.org\/{rel}","templated":true}]}}